s 8501 a composite number?
False
Is 404309 a prime number?
True
Is 11383 a composite number?
False
Is 9091 prime?
True
Is 26581 prime?
False
Is 14213 composite?
True
Is 8513 composite?
False
Is 1874 composite?
True
Is 2701 a prime number?
False
Is 1110149 a prime number?
False
Is 13229 composite?
False
Is 67 a prime number?
True
Is 32647 a composite number?
False
Is 2321 composite?
True
Is 3881 composite?
False
Is 11677 a composite number?
False
Is 4411 prime?
False
Is 204749 a composite number?
False
Is 81721 prime?
False
Is 9967 composite?
False
Is 23857 a composite number?
False
Is 279781 composite?
True
Is 2783047 composite?
False
Is 4967461 composite?
False
Is 2399791 a prime number?
True
Is 7981 prime?
False
Is 292661 composite?
False
Is 38623 composite?
True
Is 239345 prime?
False
Is 26303 composite?
True
Is 115579 a prime number?
False
Is 20663 a prime number?
True
Is 1120271 a composite number?
False
Is 245849 composite?
False
Is 13027 a composite number?
True
Is 121403 a prime number?
True
Is 325063 prime?
True
Is 663063 a composite number?
True
Is 8923 composite?
False
Is 9773 a prime number?
False
Is 915241 composite?
True
Is 17059 composite?
True
Is 53579 prime?
False
Is 7411 a composite number?
False
Is 1227 a composite number?
True
Is 114734 a prime number?
False
Is 325573 composite?
True
Is 141257 composite?
False
Is 248569 a composite number?
False
Is 22541 a composite number?
False
Is 4554553 prime?
True
Is 7753 a composite number?
False
Is 334973 prime?
True
Is 24305 a composite number?
True
Is 18509 a composite number?
True
Is 110797 a composite number?
True
Is 6437 a prime number?
False
Is 634 a composite number?
True
Is 10991 a prime number?
False
Is 88069 composite?
False
Is 106441 prime?
True
Is 1985 a composite number?
True
Is 1535857 a prime number?
True
Is 9527 composite?
True
Is 46639 composite?
False
Is 405161 a prime number?
False
Is 181667 a composite number?
False
Is 854881 a composite number?
False
Is 1288291 a prime number?
True
Is 21349 composite?
True
Is 2410997 prime?
True
Is 286453 a prime number?
True
Is 80841 prime?
False
Is 791 a composite number?
True
Is 94877 composite?
True
Is 73417 prime?
True
Is 79909 prime?
False
Is 20354 composite?
True
Is 200983 a prime number?
True
Is 34313 a prime number?
True
Is 42509 a prime number?
True
Is 527237 a composite number?
False
Is 180811 prime?
True
Is 120799 a composite number?
True
Is 569174 a composite number?
True
Is 2017 a prime number?
True
Is 10195 a prime number?
False
Is 491313 a prime number?
False
Is 2293 prime?
True
Is 290677 a prime number?
True
Is 1366363 composite?
True
Is 41253 prime?
False
Is 46237 composite?
False
Is 233061 prime?
False
Is 15013 prime?
True
Is 8173 a prime number?
False
Is 118138 prime?
False
Is 9972343 a composite number?
False
Is 316951 a prime number?
True
Is 7033 a prime number?
False
Is 15551 a composite number?
False
Is 13063 prime?
True
Is 10427 a prime number?
True
Is 6997 a composite number?
False
Is 14119 a prime number?
False
Is 23083 prime?
False
Is 12574 prime?
False
Is 15783 composite?
True
Is 6529 a prime number?
True
Is 839647 composite?
True
Is 226531 a composite number?
False
Is 151519 a prime number?
False
Is 13798 composite?
True
Is 136841 prime?
True
Is 9649 a prime number?
True
Is 113 composite?
False
Is 1055789 a prime number?
False
Is 32117 a prime number?
True
Is 378457 prime?
False
Is 46021 composite?
False
Is 397151 a composite number?
False
Is 86501 prime?
True
Is 6119 a composite number?
True
Is 79769 composite?
False
Is 75347 a composite number?
False
Is 10973 prime?
True
Is 135689 composite?
True
Is 8683 a prime number?
False
Is 303257 a composite number?
False
Is 1494959 composite?
True
Is 1454 composite?
True
Is 554447 composite?
False
Is 581989 a prime number?
False
Is 3761 a composite number?
False
Is 921 a composite number?
True
Is 114221 composite?
False
Is 6905 a composite number?
True
Is 4391 prime?
True
Is 43391 prime?
True
Is 203279 prime?
True
Is 9439 prime?
True
Is 4141361 composite?
True
Is 78241 a prime number?
True
Is 10589 a composite number?
False
Is 19498 a composite number?
True
Is 10289 composite?
False
Is 4621 a prime number?
True
Is 173039 a prime number?
True
Is 498631 composite?
True
Is 178021 a composite number?
False
Is 13047 a prime number?
False
Is 15711 prime?
False
Is 356093 prime?
True
Is 2608249 composite?
True
Is 807643 a composite number?
True
Is 339091 composite?
False
Is 2053322 composite?
True
Is 174131 a prime number?
False
Is 8263 composite?
False
Is 105319 prime?
True
Is 128813 a prime number?
True
Is 34637 a prime number?
False
Is 173361 composite?
True
Is 1657 composite?
False
Is 120319 a prime number?
True
Is 101883 a composite number?
True
Is 99971 a composite number?
False
Is 14305 composite?
True
Is 8651 a composite number?
True
Is 529097 a composite number?
False
Is 42169 prime?
True
Is 1632011 a composite number?
True
Is 6383 a prime number?
False
Is 9311 composite?
False
Is 443 composite?
False
Is 31811 prime?
False
Is 241649 prime?
False
Is 20171 prime?
False
Is 99205 a prime number?
False
Is 30161 a composite number?
False
Is 7069 prime?
True
Is 17571 prime?
False
Is 83491 prime?
False
Is 2301743 a prime number?
True
Is 1020077 a composite number?
False
Is 313539 prime?
False
Is 9119 prime?
False
Is 66911 a composite number?
True
Is 84831 composite?
True
Is 51551 prime?
True
Is 11903 prime?
True
Is 5381 a composite number?
False
Is 21059 a composite number?
False
Is 468491 composite?
False
Is 161273 composite?
True
Is 44723 a composite number?
True
Is 31861 composite?
True
Is 95223 composite?
True
Is 40087 a prime number?
True
Is 24746 a composite number?
True
Is 7121 a prime number?
True
Is 2149 a composite number?
True
Is 195259 a prime number?
True
Is 124529 a prime number?
True
Is 203027 prime?
False
Is 65497 composite?
False
Is 9481 composite?
True
Is 14207 composite?
False
Is 12589 a composite number?
False
Is 65867 prime?
True
Is 119839 a prime number?
True
Is 95783 composite?
False
Is 1109057 composite?
False
Is 31219 composite?
False
Is 15971 composite?
False
Is 376351 a composite number?
False
Is 10421 a prime number?
False
Is 69031 a composite number?
False
Is 77413 a prime number?
False
Is 501001 prime?
True
Is 7517 composite?
False
Is 103891 a prime number?
False
Is 10723 composite?
False
Is 4583 prime?
True
Is 28639 a composite number?
True
Is 44617 a prime number?
True
Is 86381 a prime number?
True
Is 303803 composite?
False
Is 81439 a composite number?
False
Is 1782001 a composite number?
True
Is 18803 a composite number?
False
Is 224027 a prime number?
True
Is 203707 a composite number?
True
Is 510707 composite?
False
Is 133583 composite?
False
Is 13227 prime?
False
Is 5854 prime?
False
Is 325297 composite?
True
Is 30715 a prime number?
False
Is 199957 a composite number?
True
Is 563 a composite number?
False
Is 79447 composite?
True
Is 853 composite?
False
Is 135977 a prime number?
True
Is 196961 a prime number?
True
Is 5259827 a prime number?
False
Is 57637 a composite number?
False
Is 131041 a composite number?
False
Is 2789 composite?
False
Is 170137 composite?
True
Is 33737 a prime number?
False
Is 116989 a prime number?
True
Is 83977 a composite number?
True
Is 19109 a composite number?
True
Is 75598 composite?
True
Is 19661 a prime number?
True
Is 155069 composite?
False
Is 6247 a composite number?
False
Is 3587803 prime?
True
Is 23047 prime?
False
Is 1684315 a prime number?
False
Is 3163 a composite number?
False
Is 4141 a prime number?
False
Is 33599 a prime number?
True
Is 132629 composite?
True
Is 81537 composite?
True
Is 557 composite?
False
Is 831679 prime?
True
Is 195193 a composite number?
False
Is 11593 composite?
False
Is 7571 prime?
False
Is 15193 a composite number?
False
Is 3739 a composite number?
False
Is 137635 composite?
True
Is 855887 a composite number?
False
Is 854213 a composite number?
False
Is 5623 a composite number?
False
Is 1242347 composite?
False
Is 1711 prime?
False
Is 9358 a composite number?
True
Is 81745 prime?
False
Is 13154 a prime number?
False
Is 11797 prime?
False
Is 66293 a prime number?
True
Is 465091 prime?
False
Is 40891 a composite number?
True
Is 18607 composite?
True
Is 30227 